rt -4d5 (base 16) to base 10.
-1237
What is -345 (base 7) in base 5?
-1210
Convert 48 (base 11) to base 14.
3a
-27a (base 12) to base 7
-1054
Convert -493 (base 11) to base 10.
-586
-200021100 (base 3) to base 15
-3e30
-235521 (base 6) to base 16
-50e9
2b6 (base 15) to base 3
212000
What is -3a3 (base 16) in base 13?
-568
-207703 (base 8) to base 15
-15931
Convert -3a89 (base 11) to base 15.
-1885
Convert 2102120211 (base 3) to base 11.
32a16
What is -41570 (base 8) in base 11?
-11a82
Convert 3231 (base 4) to base 11.
1a6
Convert -1111101 (base 2) to base 12.
-a5
1011111111011 (base 2) to base 8
13773
372 (base 15) to base 16
30e
Convert -1462 (base 9) to base 11.
-919
What is 4254 (base 7) in base 9?
2056
What is bda (base 14) in base 6?
14512
-376 (base 15) to base 16
-312
What is 51460 (base 8) in base 15?
649b
Convert 31 (base 7) to base 11.
20
What is 3a57 (base 16) in base 13?
6a4b
What is 11760 (base 10) in base 9?
17116
What is 10101001010 (base 2) in base 8?
2512
12b (base 16) to base 7
605
Convert -2975 (base 13) to base 15.
-1bab
What is -1785 (base 11) in base 13?
-1059
Convert -4651 (base 7) to base 3.
-2100001
Convert 12212202 (base 3) to base 15.
140b
What is 945 (base 11) in base 5?
14023
Convert -5d (base 16) to base 11.
-85
201321 (base 4) to base 5
32134
What is 1040434 (base 5) in base 6?
220244
2538 (base 15) to base 16
1ef8
676 (base 16) to base 2
11001110110
What is -40302 (base 5) in base 12?
-15a9
-27105 (base 9) to base 8
-43607
What is -20 (base 12) in base 11?
-22
What is 11f2 (base 16) in base 7?
16252
Convert 1105 (base 7) to base 5.
3042
1284 (base 11) to base 10
1665
What is 860 (base 9) in base 11?
589
What is 2012212 (base 3) in base 8?
3120
What is -102c (base 13) in base 6?
-14203
1447 (base 16) to base 14
1c6b
What is -11300 (base 4) in base 9?
-448
Convert 1202202022 (base 3) to base 2.
1000011111111011
Convert -5320 (base 6) to base 16.
-4b0
35d (base 15) to base 11
634
3200 (base 5) to base 3
120202
What is 1011022 (base 3) in base 10?
845
Convert -178 (base 15) to base 3.
-110112
122020 (base 3) to base 13
29a
What is -2d2 (base 15) in base 5?
-10042
Convert -1883 (base 9) to base 12.
-a10
What is 20b8 (base 14) in base 10?
5650
22a5 (base 16) to base 8
21245
Convert 3203 (base 7) to base 9.
1485
What is 222122 (base 3) in base 13?
434
Convert 2230 (base 11) to base 15.
d0c
What is 11301 (base 11) in base 12?
9554
What is 10e3 (base 16) in base 7?
15414
19a70 (base 11) to base 3
1102021121
-1909 (base 14) to base 10
-4517
Convert -10cb (base 14) to base 12.
-1837
What is -1030 (base 8) in base 5?
-4121
Convert -1997 (base 15) to base 8.
-12646
-1010 (base 10) to base 13
-5c9
Convert -856 (base 10) to base 13.
-50b
Convert -101120 (base 3) to base 13.
-18c
-20111201 (base 4) to base 7
-201356
3552 (base 7) to base 5
20221
What is -11001011000 (base 2) in base 6?
-11304
-20330 (base 4) to base 13
-350
What is 10512 (base 6) in base 7?
4220
What is 12302 (base 5) in base 9?
1267
What is -1c134 (base 13) in base 9?
-83563
Convert -30 (base 10) to base 13.
-24
What is 13105 (base 7) in base 3?
11210001
Convert -835 (base 13) to base 12.
-984
3201 (base 10) to base 11
2450
Convert 3100434 (base 5) to base 15.
ecb4
What is -3397 (base 11) in base 15?
-14c7
What is -9b49 (base 12) in base 4?
-10030221
Convert -11303 (base 5) to base 14.
-432
What is 125 (base 8) in base 5?
320
Convert 688 (base 10) to base 16.
2b0
-412 (base 7) to base 9
-247
-5126 (base 10) to base 4
-1100012
-14b0 (base 14) to base 10
-3682
What is -11310 (base 5) in base 4?
-30332
-18386 (base 9) to base 11
-9609
4100 (base 6) to base 15
400
What is -246 (base 13) in base 2?
-110001100
6c2d (base 14) to base 12
aab5
Convert -1077 (base 10) to base 13.
-64b
What is -62571 (base 8) in base 7?
-135510
Convert 5711 (base 14) to base 2.
11101100000011
Convert -1feb (base 16) to base 5.
-230141
Convert 24 (base 12) to base 15.
1d
-11121000 (base 4) to base 3
-1010021210
What is 1662 (base 8) in base 16?
3b2
Convert 1159 (base 11) to base 15.
6b1
65 (base 12) to base 16
4d
What is 1051 (base 10) in base 9?
1387
Convert -2023303 (base 4) to base 16.
-22f3
-22321 (base 7) to base 12
-332a
2c9c (base 13) to base 8
14627
Convert -17685 (base 10) to base 6.
-213513
What is -451 (base 6) in base 4?
-2233
What is 20a9 (base 15) in base 8?
15375
Convert 19936 (base 12) to base 7.
214461
What is 1863 (base 11) in base 10?
2368
11200230 (base 4) to base 3
1010222000
351 (base 12) to base 3
200021
5d4 (base 14) to base 13
6b9
101110102 (base 3) to base 9
11412
What is -382d (base 14) in base 2?
-10011001110001
Convert 9f (base 16) to base 5.
1114
2382 (base 10) to base 8
4516
What is 362 (base 14) in base 2?
1010100010
Convert -15b4 (base 15) to base 14.
-19b7
15234 (base 6) to base 13
1180
What is 1080 (base 11) in base 13?
852
Convert 100202 (base 5) to base 9.
4320
Convert -2030120 (base 5) to base 9.
-50434
32a9 (base 16) to base 12
7609
Convert -10410 (base 6) to base 8.
-2646
-247 (base 10) to base 4
-3313
-3147 (base 10) to base 16
-c4b
What is -62720 (base 10) in base 11?
-43139
What is 767 (base 12) in base 14?
579
-315 (base 9) to base 13
-16a
What is 2310321 (base 4) in base 2?
10110100111001
1980 (base 12) to base 3
11021120
28802 (base 9) to base 2
100110010010100
What is -6c (base 14) in base 11?
-88
What is -bd (base 16) in base 12?
-139
7020 (base 11) to base 13
4335
What is 8882 (base 9) in base 5?
202204
What is 12d8 (base 16) in base 6?
34200
What is 202211 (base 3) in base 8?
1062
163665 (base 7) to base 5
2020313
What is -444310 (base 6) in base 14?
-d81c
What is -43301 (base 7) in base 11?
-8111
Convert -592 (base 15) to base 3.
-1201202
What is -4165 (base 7) in base 14?
-76c
-2383 (base 13) to base 6
-35104
What is -1350 (base 7) in base 9?
-643
What is 3883 (base 12) in base 15?
1d90
Convert 1850 (base 10) to base 16.
73a
Convert 344 (base 13) to base 14.
2c3
-20121 (base 3) to base 10
-178
Convert -192 (base 16) to base 11.
-336
Convert 12105 (base 6) to base 16.
6e9
Convert -893 (base 13) to base 4.
-113000
What is -2d2 (base 15) in base 9?
-788
Convert 1410 (base 5) to base 11.
19a
What is -3537 (base 12) in base 9?
-8137
-10111 (base 4) to base 2
-100010101
Convert -2300 (base 5) to base 11.
-276
What is 2633 (base 9) in base 8?
3666
What is -103234 (base 6) in base 8?
-20506
6344 (base 7) to base 5
32422
Convert 13160 (base 9) to base 10.
8883
100403 (base 6) to base 5
223143
What is -52822 (base 10) in base 14?
-15370
Convert -adc (base 16) to base 15.
-c55
What is -1070 (base 9) in base 8?
-1430
Convert -4125 (base 16) to base 13.
-778b
110011111 (base 2) to base 14
219
293 (base 15) to base 2
1001001100
-2352 (base 9) to base 14
-8cc
What is 111100011 (base 2) in base 6?
2123
22000112 (base 3) to base 15
1aeb
51773 (base 9) to base 15
a1cc
-82c (base 16) to base 13
-c4c
Convert -33223 (base 8) to base 12.
-8103
Convert 3c5 (base 14) to base 10.
761
What is 11132120 (base 4) in base 7?
122243
Convert 550 (base 7) to base 13.
187
Convert 964 (base 11) to base 9.
1527
What is 572 (base 15) in base 12?
868
215 (base 13) to base 9
435
Convert 3298 (base 12) to base 10.
5588
Convert 539 (base 14) to base 13.
614
Convert -9cb (base 14) to base 9.
-2588
Convert -5344 (base 11) to base 9.
-10621
-32222111 (base 4) to base 7
-340040
What is -1062 (base 10) in base 11?
-886
What is 542 (base 8) in base 4?
11202
Convert -3464 (base 9) to base 11.
-1a26
Convert 6522 (base 10) to base 6.
50110
What is -1002 (base 6) in base 16?
-da
Convert 31210 (base 4) to base 6.
4004
-15125 (base 6) to base 13
-114b
389 (base 14) to base 10
709
What is -195 (base 13) in base 3?
-101210
-2424 (base 8) to base 10
-1300
-2ea (base 16) to base 13
-455
Convert -4a08 (base 13) to base 4.
-2203312
What is 20332 (base 5) in base 14?
6bc
1d4 (base 16) to base 8
724
-2443 (base 8) to base 6
-10031
Convert 18 (base 9) to base 11.
16
Convert 338 (base 12) to base 10.
476
Convert 2076 (base 9) to base 2.
10111110111
Convert 1176 (base 8) to base 9.
778
What is -35b5 (base 12) in base 2?
-1011110011001
Convert 75c3 (base 14) to base 6.
234131
143164 (base 7) to base 8
65617
Convert -2021022 (base 3) to base 14.
-863
What is -4103 (base 6) in base 15?
-403
1001111